336 + -15. What is the greatest common factor of p and 1111?
11
Suppose 5*a - 177 = -5*v + 98, 5*a - 107 = -2*v. Let r(t) = -2*t**3 - 59*t**2 - 37*t - 225. Let k be r(-29). Calculate the highest common factor of v and k.
7
Let z = -26 + 30. Suppose z*c = 3*c - 3*i + 31, -4*c + 116 = 4*i. What is the highest common factor of c and 14?
14
Let m(i) = 5*i + 7. Let s(f) = f + 1. Let o(t) = -5*m(t) + 30*s(t). Let l be o(15). What is the greatest common divisor of 28 and l?
14
Let u be 241 - (-48)/((-32)/(-8)). Calculate the greatest common divisor of u and 66.
11
Let r = -62 + 63. Let p be (r - 18/14)*-77. Let x(w) = 111*w**3 - 1. Let j be x(1). Calculate the greatest common divisor of j and p.
22
Let r be (-20)/(-2) - (3 - 0). What is the highest common factor of r and 63?
7
Suppose -14*k - 30 = -17*k. Suppose 4*v = -4*c + 100, 0 = 5*c + 7*v - 3*v - 125. What is the highest common divisor of k and c?
5
Let a(w) be the first derivative of w**3/3 - 10*w**2 + 3*w - 22. Let u be a(20). Let c be (-2)/(-8) + 166/8. What is the highest common factor of c and u?
3
Suppose -13*v = -4*v - 18. Let t be (v - 21/12)/((-2)/(-40)). Calculate the highest common divisor of t and 15.
5
Let v(r) = r**2 - 10*r + 39. Let h be v(10). What is the greatest common divisor of 9 and h?
3
Suppose -5*c - 5*b + 470 = 0, -3*b - 23 = c - 109. Calculate the highest common divisor of 14 and c.
14
Let l(m) = m**3 - 6*m**2 + 7*m - 4. Let z be l(4). Let y = -5 - z. Suppose 48*x = 157 + 419. What is the greatest common factor of y and x?
3
Suppose 5*r + 25*p - 260 = 30*p, -4*p + 287 = 5*r. Calculate the greatest common factor of 22 and r.
11
Let q(f) = 207*f - 1353. Let o be q(7). Let m = -12 + 24. What is the greatest common factor of o and m?
12
Suppose -182 = 3*o - 266. Calculate the highest common factor of o and 44.
4
Let p be (-815)/20*14*4. Let w be p/(-210) - 2/(-15). Calculate the highest common divisor of 99 and w.
11
Suppose -4*c + 58 = -2*l, 16*c - 12*c = -4*l + 16. Let a = -203 - -302. Calculate the greatest common factor of a and c.
11
Suppose -u = 3*u. Suppose u = 3*j - 3*w - 174, -3*j - 2*j = -3*w - 286. What is the highest common divisor of 8 and j?
8
Let i = 846 - 649. What is the greatest common factor of i and 1?
1
Suppose -3*u = u - 144. Let p be (2/(-6))/((-2)/u). Let n(y) = y - 3. Let i be n(p). Calculate the greatest common divisor of i and 15.
3
Suppose -m + 3*z + 1 = 2*z, m = 4*z - 2. What is the highest common divisor of m and 5?
1
Let y(k) = 20*k + 4. Let b be y(5). Let i(l) = l**2 - 11*l + 26. Let h be i(11). Calculate the highest common factor of h and b.
26
Suppose 353 = 4*l - 5*k - 366, -3*l + 545 = 2*k. Suppose 5*u - 5*a - 106 = 339, -2*u = a - l. Let j = -38 - -56. What is the highest common divisor of j and u?
18
Let b be (-2)/((-122)/20 - -6). Calculate the highest common divisor of 140 and b.
20
Let d(h) = h**3 - 4*h**2 - 14*h + 14. Let q be d(6). Suppose 7*x - q = 61. What is the greatest common factor of x and 18?
9
Suppose 3*x = 4*w + 523, -2*x - 3*x = 15. Let j = 233 + w. What is the greatest common factor of 25 and j?
25
Let v(d) = -42*d - 49. Let t be v(-2). Suppose 2*n + 7 = -1. Let i be (-6)/n*(-30)/(-9). Calculate the highest common divisor of i and t.
5
Let s be 29743/(-35) - 1/5. Let d be s/(-15) - 6/9. Calculate the highest common divisor of d and 28.
28
Let d(f) = -f**3 + 2*f**2 + 4*f - 3. Let n be d(3). Suppose 0 = -n*g + 3*g - 18. What is the greatest common factor of 2 and g?
2
Let r be (7 - -50) + 0 + -2. Let n = -47 - -52. What is the highest common divisor of r and n?
5
Let i be -3 - (86*-2 - -1). Let m be i/90 + 4/30. What is the greatest common factor of 6 and m?
2
Suppose 68*c - 16*c - 6656 = 0. Calculate the highest common divisor of c and 16.
16
Let h = 1333 + -1330. What is the highest common factor of 291 and h?
3
Let d be ((-346)/(-5))/((-3)/(-45)). Let u be 2/(-5) - d/30. Let y be 4/10 - 5026/u. What is the greatest common divisor of y and 18?
18
Let y = 188 + -161. Let u = 6 + -1. Suppose -u*q + 248 + y = 0. What is the greatest common factor of q and 11?
11
Let x = 915 - 801. What is the highest common divisor of x and 209?
19
Let p(c) be the third derivative of 13*c**4/8 - c**3/6 - 2*c**2. Suppose -3*a + 12 = 3*a. Let l be p(a). What is the highest common divisor of 11 and l?
11
Let z = 298 + -133. Suppose -i + 5 = -4*m + 65, -4*i = m - 15. Calculate the greatest common factor of z and m.
15
Suppose -3*l - 559 = -16*l. Calculate the greatest common divisor of l and 1.
1
Let q(v) = v**2 - 19 + 32 - 18. Let o be q(-3). What is the highest common divisor of 44 and o?
4
Let j(o) = -2*o**3 - 2*o**2 - o + 1. Let u be j(-3). Suppose 3*q - u = -q. Let h(r) = -r + 24. Let d be h(q). What is the greatest common factor of 14 and d?
14
Let g(m) = -7*m**2 - 2*m + 6. Let b(j) = 21*j**2 + 6*j - 17. Let y(v) = 4*b(v) + 11*g(v). Let s be y(-2). What is the highest common divisor of s and 44?
22
Suppose 91*j - 560 = 86*j. What is the greatest common factor of j and 280?
56
Let b(n) = -n**2 + 8*n - 9. Let y be b(6). Suppose 5*o - 62 = -y*r, r - 6 = -0*o + 2*o. Calculate the greatest common divisor of r and 35.
7
Let o be 42/8 + (-1)/4. Let k(p) = 6*p + 82. Let d be k(-13). Let i(y) = 4*y**2 - 3*y - 7. Let f be i(d). Calculate the highest common factor of o and f.
5
Suppose 0 = -5*i, -43 = 4*v - 3*i - 223. Let h = 153 - 138. Calculate the greatest common factor of h and v.
15
Let p be (-6 - -5)/(0 - 1). Suppose -19 = -d - p. What is the highest common divisor of d and 9?
9
Suppose -6*n = 4*d - 8*n - 124, d - 25 = 2*n. What is the greatest common factor of 231 and d?
33
Let x be (0 - -10) + 864/(-96). What is the greatest common divisor of 51 and x?
1
Suppose -14*g + j - 477 = -16*g, 0 = j - 1. What is the highest common factor of 34 and g?
34
Suppose 2*f = -4*j + 6714, 33*j - 5*f = 38*j - 8385. Calculate the highest common divisor of 224 and j.
112
Suppose p + 4*n = 45 + 54, n = -p + 114. Calculate the highest common factor of p and 7.
7
Suppose 0 = -2*w + 3*w - 5. Suppose -w*i + 10*i = 30. What is the greatest common divisor of 102 and i?
6
Let w(l) = -13*l + 414. Let u be w(29). Calculate the highest common divisor of u and 37.
37
Let w be (7*222/63)/(2/18). Calculate the greatest common divisor of w and 370.
74
Let d = 1094 - 1084. Calculate the greatest common factor of 740 and d.
10
Let o(l) = l**2 - 2*l + 18. Let k be o(0). What is the highest common divisor of k and 126?
18
Suppose -2*b + 16 = -2. Let l(j) = 17*j - 8. Let t be l(9). Let a = t + -64. What is the greatest common divisor of b and a?
9
Suppose 120 = 59*f - 54*f. Calculate the highest common divisor of 9 and f.
3
Let q = 376 + -321. Calculate the highest common divisor of q and 385.
55
Let d(h) be the first derivative of 2*h**3 - 2*h**2 - 2*h + 4. Let t be (6/(-2) - -2)*4. Let b be d(t). What is the greatest common factor of 22 and b?
22
Suppose 4*x = -3*f - 15, -3*x - 46 + 16 = -4*f. Let h(t) = -4*t - 14. Let w be h(x). What is the highest common factor of 10 and w?
10
Let x be 123/1 + (4 + -7 - -4). Calculate the highest common factor of 31 and x.
31
Let h(u) = -3*u - 7. Let j be h(-8). What is the highest common divisor of j and 1?
1
Let c = -422 + 1125. What is the greatest common factor of c and 19?
19
Let y = -124 - -184. What is the greatest common factor of 100 and y?
20
Let o = -49 + 49. Suppose o*u - b = 2*u - 122, 5*u + 5*b - 295 = 0. What is the greatest common divisor of 21 and u?
21
Let m = 292 - 200. Calculate the highest common factor of 230 and m.
46
Let k be (21/(-9))/((3 + 2)/(-45)). Suppose 5*h = -k + 91. What is the greatest common factor of h and 224?
14
Let y(p) = p**2 + 32*p + 277. Let x be y(-11). What is the highest common factor of 414 and x?
46
Suppose 4*r - 3*h - 308 - 3 = 0, -2*r + 4*h + 148 = 0. Calculate the highest common divisor of r and 100.
20
Let b(f) be the second derivative of f**4/4 - 5*f**3/2 + 11*f**2/2 + 31*f. Let g be b(11). What is the greatest common divisor of 19 and g?
19
Let h be -1 - (-5 + 2 + 93) - -1. Let g = -5 - h. What is the highest common divisor of g and 34?
17
Let p(c) = 4*c**2 - 16*c + 71. Let g be p(5). Calculate the highest common factor of g and 39.
13
Suppose 3*m + 7 - 61 = 0. Let s be 72*(4 - 27/12)*1